89d
Convert 172a893 (base 14) to base 5.
10404302043
Convert -346956 (base 14) to base 6.
-102133532
Convert 2122201021200 (base 3) to base 8.
5304737
b944 (base 16) to base 14
133da
Convert -30561056 (base 9) to base 3.
-1000122001001220
What is -310333201 (base 4) in base 5?
-23421212
Convert 11010101101000100 (base 2) to base 11.
751a7
Convert 812059 (base 10) to base 2.
11000110010000011011
Convert 369a78 (base 11) to base 14.
112cdb
2001504 (base 10) to base 6
110522120
What is 5443624 (base 7) in base 4?
2202230302
What is 7c92b (base 13) in base 5?
24242344
Convert -126cd2 (base 14) to base 2.
-10011010101100111000
Convert -1102001021101 (base 3) to base 11.
-471712
Convert -311222322132 (base 4) to base 3.
-222110210121010
What is -165992 (base 12) in base 4?
-1131210332
Convert -b8d674 (base 14) to base 8.
-27703166
What is 905123 (base 12) in base 10?
2248299
50644 (base 10) to base 3
2120110201
Convert -13c65b (base 15) to base 16.
-e8b62
109bb (base 16) to base 13
24c6b
396e91 (base 15) to base 2
1010100001001010100110
Convert -20141432 (base 7) to base 6.
-55514135
-301042 (base 8) to base 2
-11000001000100010
Convert -1ebb97 (base 16) to base 4.
-13223232113
What is 1efb0 (base 16) in base 12?
61528
7420162 (base 10) to base 13
16ca539
What is 40420343 (base 5) in base 9?
546588
Convert 1905b (base 15) to base 9.
133205
114122 (base 8) to base 15
b849
Convert 3310524 (base 8) to base 5.
211423142
What is 21154331 (base 6) in base 5?
124344100
-22210651 (base 7) to base 12
-786461
-153225155 (base 6) to base 8
-14265237
-312222221 (base 5) to base 15
-1a6e26
Convert -16155244 (base 7) to base 8.
-5747036
What is -48d543 (base 14) in base 7?
-30132013
-2143045 (base 7) to base 5
-31402041
What is 684a9 (base 12) in base 15?
2b280
What is 283731 (base 11) in base 14?
b7bba
148d (base 14) to base 2
111001000101
Convert -562004 (base 8) to base 7.
-1416213
-11734454 (base 8) to base 9
-4807054
2853ba (base 15) to base 14
38776b
Convert 11100001110010110100100 (base 2) to base 10.
7398820
346845 (base 11) to base 15
ad29a
21034253 (base 7) to base 3
10100002201012
Convert -1101101000001101001 (base 2) to base 5.
-103242234
Convert -113530506 (base 7) to base 5.
-3300022110
Convert -100034112 (base 7) to base 8.
-26014172
Convert -1001100001101110101100 (base 2) to base 10.
-2497452
496e22 (base 16) to base 9
10044234
Convert 695935 (base 14) to base 8.
15540173
What is -10222122110 (base 3) in base 6?
-1403150
-1488366 (base 10) to base 4
-11223113232
-1002312201 (base 4) to base 11
-177802
What is 33231313 (base 4) in base 9?
107267
What is -124582 (base 9) in base 8?
-223456
What is -13757166 (base 8) in base 5?
-1300342032
-82c94 (base 13) to base 11
-150645
What is 10201121200 (base 3) in base 7?
423564
What is 1000000001001100011 (base 2) in base 6?
5344243
1221341020 (base 5) to base 7
33543022
311011451 (base 6) to base 8
24362527
Convert -4012594 (base 10) to base 9.
-7485217
-56c87 (base 16) to base 8
-1266207
-10201212010 (base 3) to base 10
-73524
Convert -18b9b96 (base 12) to base 15.
-6d23c6
-5b764 (base 14) to base 15
-4644e
Convert 1324183 (base 10) to base 7.
14153410
Convert -21012212201 (base 3) to base 4.
-202223302
100101100100010010 (base 2) to base 15
308d4
Convert 175dc68 (base 14) to base 7.
166646061
1120201202 (base 3) to base 13
11243
Convert -357003 (base 10) to base 3.
-200010201100
Convert -7a8034 (base 11) to base 16.
-139964
What is -445322 (base 6) in base 8?
-111162
2234012 (base 9) to base 14
2348aa
-100011110111110000111 (base 2) to base 13
-32202a
Convert 1123123032 (base 5) to base 3.
11210122012021
1135740 (base 8) to base 15
61dca
100312533 (base 6) to base 10
1704873
ab196 (base 14) to base 8
1451720
Convert 6043210 (base 9) to base 8.
14213540
Convert -33044523 (base 6) to base 16.
-f0ba3
40605 (base 11) to base 3
10000100010
-276831 (base 9) to base 11
-106035
What is -3143032 (base 5) in base 12?
-26738
101201021 (base 3) to base 6
100054
What is 12011110011 (base 3) in base 16?
18d1b
-20501001 (base 8) to base 4
-100220020001
24421333 (base 6) to base 3
1110122200210
-570144 (base 9) to base 2
-1010011010100101101
What is 11220010302 (base 4) in base 5?
334143431
What is 40031014 (base 5) in base 2?
1001100110010001101
What is 12012012 (base 5) in base 11?
75924
5b6aab (base 13) to base 9
4101128
Convert -110000121 (base 3) to base 5.
-240024
Convert 4b8660 (base 14) to base 15.
36478e
What is 203132010232 (base 4) in base 16?
8de12e
Convert -bb2a64 (base 15) to base 4.
-202001200312
Convert -5431673 (base 8) to base 15.
-1db1c5
Convert 27a22a6 (base 14) to base 8.
111227312
80087 (base 9) to base 5
3140232
What is 15030051 (base 6) in base 12?
20b327
What is -102200221121221 (base 3) in base 13?
-13997a4
Convert -3ea8b (base 15) to base 8.
-611442
What is 12457b (base 14) in base 8?
2310041
5841446 (base 9) to base 8
14025710
What is -1335670 (base 9) in base 13?
-1c8516
Convert -1110210110022 (base 3) to base 11.
-495541
-1330302333 (base 4) to base 16
-7ccbf
1341444313 (base 5) to base 9
6466150
What is 145a379 (base 12) in base 11?
2352546
What is 523054220 (base 6) in base 15?
becd33
30617 (base 15) to base 10
153247
What is 71fb10 (base 16) in base 10?
7469840
What is -23301213 (base 5) in base 16?
-33ecb
102110202122 (base 3) to base 8
671032
What is 100010100101110100101 (base 2) in base 6?
40143325
What is -1102011404 (base 5) in base 14?
-45bb9c
What is 21201201202 (base 3) in base 15?
30145
Convert -4b607 (base 14) to base 3.
-100101211000
What is 5bb83b (base 14) in base 5?
1301043001
1045 (base 13) to base 5
33004
abb7 (base 16) to base 10
43959
Convert -31d55a (base 15) to base 5.
-1101430320
Convert 1360404 (base 7) to base 2.
101100100110010100
What is 25898 (base 10) in base 6?
315522
Convert -111000111010101010101 (base 2) to base 6.
-103550245
-203113133 (base 4) to base 12
-6b9bb
14149509 (base 10) to base 5
12110241014
Convert 828339 (base 10) to base 9.
1502236
-22224511 (base 7) to base 3
-10121200001221
Convert 162056 (base 9) to base 12.
499b0
What is -386d69 (base 16) in base 15?
-4d0aa0
Convert 34411445 (base 7) to base 9.
5588808
11661612 (base 7) to base 10
1057086
What is -3450333 (base 8) in base 3?
-1202122222021
Convert 758121 (base 9) to base 13.
12aa05
127411 (base 11) to base 3
101011112211
Convert 14243343 (base 6) to base 4.
1313022033
Convert -85818 (base 10) to base 7.
-505125
What is ac1133 (base 13) in base 14?
778c62
What is 33654464 (base 7) in base 8?
13152265
What is -78967e (base 15) in base 3?
-101211020220102
What is -14344140 (base 7) in base 15?
-1bb9e3
1001013441 (base 5) to base 7
22513031
What is 33852388 (base 9) in base 11?
9316315
Convert -36366c9 (base 13) to base 16.
-1007925
Convert -45665651 (base 7) to base 16.
-3d07de
What is 291587 (base 10) in base 12?
1208ab
What is -1301102332 (base 4) in base 3?
-212120120111
Convert 432301310 (base 5) to base 10.
1837705
What is 10220432 (base 5) in base 9?
140548
What is -2bb1409 (base 12) in base 4?
-202012200021
-30ad9 (base 16) to base 12
-97475
-14332615 (base 7) to base 5
-321242010
Convert 34333203 (base 5) to base 4.
1023111021
Convert -173775 (base 9) to base 12.
-52472
Convert -6948b (base 12) to base 5.
-14000101
-642d2 (base 15) to base 12
-133b75
Convert 1000011100101110 (base 2) to base 7.
202615
227698 (base 10) to base 3
102120100021
Convert -4626577 (base 8) to base 5.
-310204311
13b37 (base 16) to base 7
454156
Convert -13383181 (base 9) to base 4.
-121031211310
542b9 (base 15) to base 3
111120121010
Convert 4124637 (base 8) to base 9.
2043842
What is -99617 (base 11) in base 6?
-3032540
What is -3aacc (base 13) in base 4?
-122233013
52512565 (base 7) to base 9
8317107
What is 31242021 (base 6) in base 15?
12ddea
Convert -101001001000010110010 (base 2) to base 4.
-11021002302
Convert 987040 (base 11) to base 14.
2d047a
Convert 1023112231 (base 4) to base 6.
10340541
Convert -11011100110001111010 (base 2) to base 12.
-3773b6
10011000001011010010 (base 2) to base 7
5204146
Convert 155213 (base 7) to base 6.
353455
What is 244110 (base 5) in base 4?
2101000
Convert -12440021 (base 5) to base 16.
-1e5e2
-42507210 (base 8) to base 7
-140116430
Convert -285149 (base 11) to 